 x(-7). Calculate the greatest common factor of w and j.
12
Let d = 4076 + -3989. Calculate the greatest common divisor of d and 783.
87
Let g = 23 + -17. Suppose 239*d - 23*d - 843 = 453. Calculate the highest common factor of g and d.
6
Let s(o) = 3*o - 3. Let i be s(4). Suppose 0 = -20*y + 3 - 3. Let t be (-3 - (-90)/25)*(75 - y). What is the highest common divisor of t and i?
9
Suppose 0 = 5*n + q + 3128 - 27472, 3*n + 5*q = 14602. Calculate the highest common divisor of n and 9.
9
Suppose -399 = -13*c + 56. What is the highest common factor of 3535 and c?
35
Let y = -222 + 481. Suppose -4*u + g = -256, 2*g + 183 = 3*u - g. Let h = -28 + u. What is the highest common factor of h and y?
37
Suppose 0 = -66*x + 65*x + 3*l + 30, 0 = -3*x - 7*l - 54. Let r be 1*-2 - (-286)/2. Calculate the highest common factor of r and x.
3
Let b(m) = -14*m**2 - 67*m - 10. Let w be b(-3). What is the highest common divisor of 104 and w?
13
Let j = -68 - -82. Let x be 2 + j + -1 - 0/(-3). What is the highest common factor of x and 795?
15
Suppose 10 = 5*o + 5*o. Let r be (o - -2 - -4) + -5. Let s(y) = y**3 + y + 16. Let j be s(0). What is the highest common divisor of j and r?
2
Let x(w) = 2*w**3 - 3*w**2 + 4*w + 2. Let v be x(4). Let r = 143 - 87. What is the highest common divisor of r and v?
14
Let b = -31599 + 44902. Calculate the highest common factor of b and 106.
53
Suppose -56*j = -51*j - 40. Let l be ((-4)/(j/11))/(3/(-42)). Suppose f + 0*x - 4*x = 15, -5*f - x = -33. What is the highest common divisor of f and l?
7
Suppose 5*s - 8 = 82. Suppose 4*i - 19617 = -34*q + 7*i, -1 = 5*i + 54. Calculate the greatest common divisor of s and q.
18
Let m = -53 + -7. Let y = -55 - m. Suppose 4*s = -y*u + 63, -u + 4 = s - 9. What is the greatest common factor of 99 and u?
11
Let v be (-3451)/(-116) - (-1)/4. Let a = 70 + 0. What is the greatest common factor of v and a?
10
Let y = 575 + -296. Let k = y - 119. Let x be 2/5*-1*10 - -36. Calculate the greatest common factor of k and x.
32
Let y be 76/(-24) + (-1)/(-6). Let i(f) = -33*f - 77. Let s be i(y). Let v = 102 + -69. What is the highest common factor of v and s?
11
Suppose 9*q + 640 + 44 = 0. Let o = 196 + q. What is the greatest common factor of 36 and o?
12
Suppose 7*r = 3*r + 1576. Suppose 2*l - r = 1046. Suppose 11*o - 6*o - l = 0. Calculate the highest common divisor of o and 16.
16
Let c be 3 + 90 + -91 + -1 + 651 + -1. Calculate the greatest common factor of 336 and c.
21
Let y be (270/(-50))/(18/(-270)). What is the highest common factor of y and 10287?
81
Let a = 3573 - 3561. What is the greatest common divisor of a and 81?
3
Let r be (-35 - -35)/(2 - 0). Suppose -16 = -j - 3*j. Suppose 5*v = 0, 3*s + r*v - j*v - 60 = 0. Calculate the greatest common divisor of s and 20.
20
Suppose 6*o + 229 = 2101. Let f = -210 + o. What is the highest common factor of 119 and f?
17
Let p be (4048/161 - 24)/((-2)/(-91)). What is the highest common divisor of p and 1937?
13
Suppose 10*l - 5*l - 760 = -5*t, 310 = 2*t - l. Suppose 3*d - 100 = 5*o - 565, -6*o - 4*d + 444 = 0. Calculate the highest common divisor of o and t.
14
Suppose 0 = -2*i - 4*i + 13380. Suppose -i - 619 = -4*m + u, -2*u + 2134 = 3*m. Let y be (m/28)/2 - 6/(-21). What is the greatest common factor of y and 117?
13
Let n(f) = f**3 + 22*f**2 + 253*f + 5590. Let h be n(-22). Suppose 3*z - 346 = 5*v + 600, -5*z = 5*v - 1550. Calculate the greatest common divisor of h and z.
24
Suppose 0 = 61*g - 455882 + 61476 - 909225. Calculate the greatest common factor of g and 213.
71
Let k be -18*(-30)/(-720)*-12. Let w be 6/(-4)*(-48)/9. Let h = w + -2. Calculate the greatest common divisor of k and h.
3
Let c(m) = 147 + 136 - 13*m**2 + m**3 - 278 - 12*m. Suppose -3*p + 0*p + 45 = 0. Let f be c(p). What is the highest common divisor of f and 11?
11
Suppose 36 - 485 - 183 = -2*b. Calculate the highest common divisor of b and 36.
4
Suppose 25*z + 2*z - 54 = 0. Let u be 4 - (-190)/z - -6. Calculate the highest common factor of u and 70.
35
Let o(i) = i**2 - i - 9. Let u be o(6). Suppose 7*c + 0*c - u = 0. Suppose -3*y = -y - 24. What is the greatest common divisor of c and y?
3
Suppose 162*q = 167*q - 220. Suppose -3*w - q + 17 = -g, -4*g + 5*w = -115. What is the greatest common divisor of g and 70?
10
Suppose -4*p + l = -24, l - 56 = -5*p - 17. What is the greatest common divisor of 3458 and p?
7
Let t = -251 - -256. Let b be 1 - t/(0 + (-3)/6). Calculate the greatest common divisor of b and 1.
1
Let t = -4304 + 4392. What is the greatest common factor of 1188 and t?
44
Suppose -1767 - 5310 = -3*a. Calculate the highest common divisor of a and 21.
7
Suppose 64*y - 70*y + 660 = 0. Suppose -7*h - 19 = -89. What is the greatest common factor of h and y?
10
Suppose 229 = -6*h - 3911. Let s = -661 - h. What is the highest common divisor of s and 667?
29
Let w be (18/7)/(2/14). Suppose 3*z + 15 = 3*g, -4 = -4*g - z - 3*z. Suppose -g*n + n = -5*d + 10, 0 = 3*n. What is the greatest common divisor of d and w?
2
Let z be (2418 - -6) + -40 + 24. What is the greatest common factor of 112 and z?
56
Suppose 30*j - 151*j + 1584 = 77*j. What is the highest common divisor of 14544 and j?
8
Let h be ((-12)/(-8) - 3)*16/(-3). Suppose 4 = h*t - 52. Calculate the greatest common factor of 28 and t.
7
Suppose -s + 4*s - 2*b = -178, 5*b = 5*s + 305. Let m = s + 95. Let w = m - 34. Calculate the greatest common divisor of w and 45.
5
Let x = -2 + 3. Let z be (x - 1)/5 - (-30 + -1). Suppose 0 = 2*t + z - 163. What is the greatest common factor of 22 and t?
22
Let j(x) = 8*x**2 + 7*x + 5. Let n be j(-7). Let o = n + 120. What is the greatest common divisor of o and 12?
12
Let f = -240 - -236. Let y(n) = 19*n**2 - 17*n - 66. Let m be y(f). What is the greatest common divisor of 34 and m?
34
Let p be ((-6)/(-5))/((-3)/(-50)). Let k(g) = 44*g - 10*g - 23 + 203 + 62. Let f be k(-7). What is the greatest common divisor of p and f?
4
Suppose -409*y + 407*y + 626 = 0. Let c = y - 126. What is the highest common factor of 34 and c?
17
Let x = 632 - 611. What is the greatest common factor of 217 and x?
7
Let a(r) = 20*r - 70. Let i(q) = 7*q - 23. Let z(w) = -6*a(w) + 17*i(w). Let t be z(13). Calculate the highest common factor of 80 and t.
16
Let d(n) = 9*n**2 + 57*n - 42. Let k be d(8). Calculate the greatest common divisor of k and 5742.
198
Let m(v) = 2*v**2 - 23*v - 116. Let l be m(-4). Let y = l - -570. Calculate the greatest common factor of y and 34.
34
Let u be 36/(-10)*280/(-252). Calculate the highest common factor of 67 and u.
1
Let o = -766 - -1342. Let b = 23964 + -23836. What is the greatest common divisor of b and o?
64
Suppose -21*p + 3652 = 2308. What is the greatest common factor of p and 192?
64
Let r be 88/(-748) + (-8360)/34. Let z = r + 444. What is the greatest common divisor of z and 9?
9
Suppose 361*f - 406*f = -11520. Calculate the highest common factor of 5312 and f.
64
Suppose -2274*z = -2273*z + 19 - 145. What is the greatest common divisor of z and 742?
14
Let k be (7 - 3) + (-1288)/7. Let a be ((-1)/(1 - 0))/(6/k). Calculate the greatest common factor of 510 and a.
30
Suppose 4*y - 7 - 1 = 0, -5*y + 1397 = k. What is the greatest common divisor of k and 292?
73
Let c be 39/(-130) + 2286/20. Suppose 565 + 575 = 12*i. Calculate the highest common divisor of i and c.
19
Let j be 50/(-175) - (-2024)/28. Suppose -3*z - j = -m - 2*z, 3*m + 3*z = 240. What is the greatest common factor of m and 4?
4
Let h = 0 - -2. Suppose 3*o - 17 = -h*t, -3*o + 0 - 23 = -2*t. Suppose 0 = 2*s - 7*s + 10. What is the highest common factor of s and t?
2
Let d = -8684 + 12279. Calculate the highest common factor of 5 and d.
5
Let v = -1173 - -2061. What is the greatest common factor of v and 216?
24
Let s = 19869 + -9257. What is the highest common divisor of 56 and s?
28
Let z(k) = k - 4. Let x be z(7). Suppose -m - 1 = -x. Let h = 880 + -872. Calculate the greatest common factor of m and h.
2
Let t be (-15 - -8)/((-5)/(-60)*-4). Suppose 616 = 4*s - z, s - 3*s = 3*z - 308. What is the highest common factor of s and t?
7
Let u be (-2 + 2)*6/(-18). Suppose u = -7*z - 27 - 22. Let w be (3/(-2))/((42/32)/z). What is the greatest common factor of w and 6?
2
Let s = -159 - 16. Let p = -108 - 